{"version":"1.0","provider_name":"Peter van Stralen fotografie","provider_url":"https:\/\/petervanstralen.nl\/de\/","author_name":"peter","author_url":"https:\/\/petervanstralen.nl\/de\/author\/peter\/","title":"Biographie - Peter van Stralen fotografie","type":"rich","width":600,"height":338,"html":"<blockquote class=\"wp-embedded-content\" data-secret=\"nuLqlF2iim\"><a href=\"https:\/\/petervanstralen.nl\/de\/biographie\/\">Biographie<\/a><\/blockquote><iframe sandbox=\"allow-scripts\" security=\"restricted\" src=\"https:\/\/petervanstralen.nl\/de\/biographie\/embed\/#?secret=nuLqlF2iim\" width=\"600\" height=\"338\" title=\"&#8222;Biographie&#8220; &#8211; Peter van Stralen fotografie\" data-secret=\"nuLqlF2iim\" frameborder=\"0\" marginwidth=\"0\" marginheight=\"0\" scrolling=\"no\" class=\"wp-embedded-content\"><\/iframe><script>\n\/*! This file is auto-generated *\/\n!function(d,l){\"use strict\";l.querySelector&&d.addEventListener&&\"undefined\"!=typeof URL&&(d.wp=d.wp||{},d.wp.receiveEmbedMessage||(d.wp.receiveEmbedMessage=function(e){var t=e.data;if((t||t.secret||t.message||t.value)&&!\/[^a-zA-Z0-9]\/.test(t.secret)){for(var s,r,n,a=l.querySelectorAll('iframe[data-secret=\"'+t.secret+'\"]'),o=l.querySelectorAll('blockquote[data-secret=\"'+t.secret+'\"]'),c=new RegExp(\"^https?:$\",\"i\"),i=0;i<o.length;i++)o[i].style.display=\"none\";for(i=0;i<a.length;i++)s=a[i],e.source===s.contentWindow&&(s.removeAttribute(\"style\"),\"height\"===t.message?(1e3<(r=parseInt(t.value,10))?r=1e3:~~r<200&&(r=200),s.height=r):\"link\"===t.message&&(r=new URL(s.getAttribute(\"src\")),n=new URL(t.value),c.test(n.protocol))&&n.host===r.host&&l.activeElement===s&&(d.top.location.href=t.value))}},d.addEventListener(\"message\",d.wp.receiveEmbedMessage,!1),l.addEventListener(\"DOMContentLoaded\",function(){for(var e,t,s=l.querySelectorAll(\"iframe.wp-embedded-content\"),r=0;r<s.length;r++)(t=(e=s[r]).getAttribute(\"data-secret\"))||(t=Math.random().toString(36).substring(2,12),e.src+=\"#?secret=\"+t,e.setAttribute(\"data-secret\",t)),e.contentWindow.postMessage({message:\"ready\",secret:t},\"*\")},!1)))}(window,document);\n\/\/# sourceURL=https:\/\/petervanstralen.nl\/wp-includes\/js\/wp-embed.min.js\n<\/script>\n","description":"Peter van Stralen studierte Grafik und Design an der Akademie der Bildenden K\u00fcnste in Arnheim. W\u00e4hrend des Studiums wurde sein Interesse f\u00fcr die Fotografie geweckt.&nbsp;Seitdem ist er als freischaffender K\u00fcnstler\/Fotograf t\u00e4tig, dessen nicht-kommerzielle T\u00e4tigkeit sich haupts\u00e4chlich auf inszenierte Schwarz-Wei\u00df-Fotografie konzentriert.&nbsp;Er ist ausserdem als Fotograf im Bereich Kunst und Kultur im Allgemeinen t\u00e4tig. Seine Fotografien wurden viele Male und in vielen verschiedenen L\u00e4ndern ver\u00f6ffentlicht und ausgestellt, von der ber\u00fchmten Leica Galerie in Deutschland bis zur 25CPW Gallery in New York. Im M\u00e4rz 2001 ver\u00f6ffentlichte der Umschau-Braus Verlag in Frankfurt sein Fotobuch \u201eFIGUREN\u201c (ISBN: 3-8295-6832-0) und im Oktober 2014 erschien sein zweites Fotobuch \u201eODD BODIES\u201c. (ISBN: 978-90-9028745-4) Motivation und Stil Er bezeichnet sich selbst gerne als \u201ezweidimensionalen Bildhauer\u201c, der am liebsten mit T\u00e4nzerinnen arbeitet, weil sie Kraft und Anmut auf ganz nat\u00fcrliche Weise vereinen k\u00f6nnen. Sein Stil ist stark von seinem Hintergrund als Grafiker beeinflusst: Dieser Stil ist recht einfach und direkt. Dadurch spielt er auf unkomplizierte Weise mit den weiblichen K\u00f6rperformen. F\u00fcr ihn bedeutet \u201cweniger\u201d oft \u201cmehr\u201d und in diesem Sinne kann er als Minimalist bezeichnet werden.&nbsp;Sowohl Form als auch Komposition spielen in seiner Arbeit eine wichtige Rolle, und weil Farbe seiner Meinung nach oft vom Wesen eines Bildes ablenkt, bevorzugt er Schwarz-Wei\u00df-Fotos.&nbsp;Um modische oder zeitgebundene Einfl\u00fcsse zu vermeiden, kreiert er seine Bilder zudem bewusst in einer nahezu zeitlosen und raumlosen Umgebung. Und da die T\u00e4nzerinnen als Interpreten fungieren, versucht er auch eine Identifizierung der Person hinter der Figur auf dem Foto zu&nbsp;vermeiden und lenkt somit die Aufmerksamkeit des Betrachters vollst\u00e4ndig ... Verder lezen"}

Peter van Stralen studierte Grafik und Design an der Akademie der Bildenden Künste in Arnheim. Während des Studiums wurde sein Interesse für die Fotografie geweckt.&nbsp;Seitdem ist er als freischaffender Künstler/Fotograf tätig, dessen nicht-kommerzielle Tätigkeit sich hauptsächlich auf inszenierte Schwarz-Weiß-Fotografie konzentriert.&nbsp;Er ist ausserdem als Fotograf im Bereich Kunst und Kultur im Allgemeinen tätig. Seine Fotografien wurden viele Male und in vielen verschiedenen Ländern veröffentlicht und ausgestellt, von der berühmten Leica Galerie in Deutschland bis zur 25CPW Gallery in New York. Im März 2001 veröffentlichte der Umschau-Braus Verlag in Frankfurt sein Fotobuch „FIGUREN“ (ISBN: 3-8295-6832-0) und im Oktober 2014 erschien sein zweites Fotobuch „ODD BODIES“. (ISBN: 978-90-9028745-4) Motivation und Stil Er bezeichnet sich selbst gerne als „zweidimensionalen Bildhauer“, der am liebsten mit Tänzerinnen arbeitet, weil sie Kraft und Anmut auf ganz natürliche Weise vereinen können. Sein Stil ist stark von seinem Hintergrund als Grafiker beeinflusst: Dieser Stil ist recht einfach und direkt. Dadurch spielt er auf unkomplizierte Weise mit den weiblichen Körperformen. Für ihn bedeutet “weniger” oft “mehr” und in diesem Sinne kann er als Minimalist bezeichnet werden.&nbsp;Sowohl Form als auch Komposition spielen in seiner Arbeit eine wichtige Rolle, und weil Farbe seiner Meinung nach oft vom Wesen eines Bildes ablenkt, bevorzugt er Schwarz-Weiß-Fotos.&nbsp;Um modische oder zeitgebundene Einflüsse zu vermeiden, kreiert er seine Bilder zudem bewusst in einer nahezu zeitlosen und raumlosen Umgebung. Und da die Tänzerinnen als Interpreten fungieren, versucht er auch eine Identifizierung der Person hinter der Figur auf dem Foto zu&nbsp;vermeiden und lenkt somit die Aufmerksamkeit des Betrachters vollständig ... Verder lezen
